{"id":996,"date":"2023-10-04T19:04:56","date_gmt":"2023-10-04T17:04:56","guid":{"rendered":"https:\/\/www.sdcv.org\/?page_id=996"},"modified":"2023-10-04T19:22:44","modified_gmt":"2023-10-04T17:22:44","slug":"996-2","status":"publish","type":"page","link":"https:\/\/www.sdcv.org\/?page_id=996","title":{"rendered":"FETE DE RENTREE A SAINT DEFENDENT"},"content":{"rendered":"\n<p>Afin d&rsquo;avoir laiss\u00e9 la place aux Rencontres M\u00e9diterran\u00e9ennes et \u00e0 la venue du Pape \u00e0 Marseille, la Rentr\u00e9e Paroissiale se fera un peu tardivement. Elle aura lieu le dimanche 15 octobre cette ann\u00e9e. Au programme, la Messe avec un bilan des activit\u00e9s de l&rsquo;ann\u00e9e \u00e9coul\u00e9e et des suggestions pour cette nouvelle ann\u00e9e et pour finir un repas partag\u00e9.<\/p>\n","protected":false},"excerpt":{"rendered":"<p>Afin d&rsquo;avoir laiss\u00e9 la place aux Rencontres M\u00e9diterran\u00e9ennes et \u00e0 la venue du Pape \u00e0 Marseille, la Rentr\u00e9e Paroissiale se fera un peu tardivement. Elle aura lieu le dimanche 15 octobre cette ann\u00e9e. Au programme, la Messe avec un bilan des activit\u00e9s de l&rsquo;ann\u00e9e \u00e9coul\u00e9e et des suggestions pour cette nouvelle ann\u00e9e et pour finir [&hellip;]<\/p>\n","protected":false},"author":3,"featured_media":0,"parent":0,"menu_order":0,"comment_status":"closed","ping_status":"closed","template":"","meta":{"footnotes":""},"class_list":["post-996","page","type-page","status-publish","hentry"],"_links":{"self":[{"href":"https:\/\/www.sdcv.org\/index.php?rest_route=\/wp\/v2\/pages\/996","targetHints":{"allow":["GET"]}}],"collection":[{"href":"https:\/\/www.sdcv.org\/index.php?rest_route=\/wp\/v2\/pages"}],"about":[{"href":"https:\/\/www.sdcv.org\/index.php?rest_route=\/wp\/v2\/types\/page"}],"author":[{"embeddable":true,"href":"https:\/\/www.sdcv.org\/index.php?rest_route=\/wp\/v2\/users\/3"}],"replies":[{"embeddable":true,"href":"https:\/\/www.sdcv.org\/index.php?rest_route=%2Fwp%2Fv2%2Fcomments&post=996"}],"version-history":[{"count":3,"href":"https:\/\/www.sdcv.org\/index.php?rest_route=\/wp\/v2\/pages\/996\/revisions"}],"predecessor-version":[{"id":1002,"href":"https:\/\/www.sdcv.org\/index.php?rest_route=\/wp\/v2\/pages\/996\/revisions\/1002"}],"wp:attachment":[{"href":"https:\/\/www.sdcv.org\/index.php?rest_route=%2Fwp%2Fv2%2Fmedia&parent=996"}],"curies":[{"name":"wp","href":"https:\/\/api.w.org\/{rel}","templated":true}]}}