{"id":433,"date":"2016-09-14T13:11:21","date_gmt":"2016-09-14T11:11:21","guid":{"rendered":"http:\/\/www.sdcv.org\/?page_id=433"},"modified":"2016-09-14T13:11:21","modified_gmt":"2016-09-14T11:11:21","slug":"fete-de-saint-defendent-2016","status":"publish","type":"page","link":"https:\/\/www.sdcv.org\/?page_id=433","title":{"rendered":"F\u00eate de Saint D\u00e9fendent 2016"},"content":{"rendered":"<p><a href=\"http:\/\/www.sdcv.org\/wp-content\/uploads\/2016\/04\/160914-f\u00eate-st-defendant-m-1.jpg\"><img loading=\"lazy\" decoding=\"async\" class=\"aligncenter size-full wp-image-431\" src=\"http:\/\/www.sdcv.org\/wp-content\/uploads\/2016\/04\/160914-f\u00eate-st-defendant-m-1.jpg\" alt=\"160914-fete-st-defendant-m\" width=\"860\" height=\"545\" srcset=\"https:\/\/www.sdcv.org\/wp-content\/uploads\/2016\/04\/160914-f\u00eate-st-defendant-m-1.jpg 860w, https:\/\/www.sdcv.org\/wp-content\/uploads\/2016\/04\/160914-f\u00eate-st-defendant-m-1-300x190.jpg 300w, https:\/\/www.sdcv.org\/wp-content\/uploads\/2016\/04\/160914-f\u00eate-st-defendant-m-1-768x487.jpg 768w\" sizes=\"auto, (max-width: 860px) 100vw, 860px\" \/><\/a><a href=\"http:\/\/www.sdcv.org\/wp-content\/uploads\/2015\/09\/locandinasd2009-saint-defendent.jpg\"><img loading=\"lazy\" decoding=\"async\" class=\"aligncenter size-full wp-image-363\" src=\"http:\/\/www.sdcv.org\/wp-content\/uploads\/2015\/09\/locandinasd2009-saint-defendent.jpg\" alt=\"locandinasd2009-saint-defendent\" width=\"462\" height=\"615\" srcset=\"https:\/\/www.sdcv.org\/wp-content\/uploads\/2015\/09\/locandinasd2009-saint-defendent.jpg 462w, https:\/\/www.sdcv.org\/wp-content\/uploads\/2015\/09\/locandinasd2009-saint-defendent-225x300.jpg 225w\" sizes=\"auto, (max-width: 462px) 100vw, 462px\" \/><\/a><\/p>\n<h2>R\u00e9cits<\/h2>\n<p>(\u271d 290)<br \/>\nIl appartenait \u00e0 la L\u00e9gion th\u00e9b\u00e9enne et avait \u00e9chapp\u00e9 au massacre avec quelques compagnons. Ils furent rattrap\u00e9s et d\u00e9capit\u00e9s sur les bords du Rh\u00f4ne. Leur culte se r\u00e9pandit dans les dioc\u00e8ses de Turin et de Novare, en Sardaigne et en Corse.<\/p>\n<p>(origine : <a href=\"http:\/\/nominis.cef.fr\/contenus\/saint\/8311\/Saint-Defendant.html\">site nominis de la Conf\u00e9rence des Ev\u00eaques de France<\/a>)<\/p>\n<p class=\"western\">Saint Defendent est l&rsquo;un des martyrs chr\u00e9tiens de la l\u00e9gion th\u00e9baine, dirig\u00e9e par s. Maurizio (saint Maurice), qui ont \u00e9t\u00e9 martyris\u00e9s, parce qu&rsquo;ils ne reniaient pas la foi chr\u00e9tienne sous l&#8217;empereur romain Maximien de (250-310). Le massacre est survenu par d\u00e9capitation, \u00e0 Agaune (St Maurice) sur le Rh\u00f4ne, o\u00f9 ils campaient avant d&rsquo;\u00eatre envoy\u00e9 lutter contre les Gaulois.<\/p>\n<p class=\"western\">Avant le d\u00e9part, il y avait un sacrifice solennel aux dieux, auquel ne voulaient pas prendre part les soldats chr\u00e9tiens pr\u00e9sents parmi les troupes. Maximien, pour \u00e9touffer cette opposition, a flagell\u00e9 et d\u00e9capit\u00e9 un soldat pour dix, mais ceux-ci ne voulant pas renier leur foi, il ordonna de d\u00e9capiter tous les autres. Le nombre exact de martyrs est pas connue, des centaines certes, mais pas la totalit\u00e9 L\u00e9gion th\u00e9baine d&rsquo;Egypte, qui \u00e9tait compos\u00e9 d&rsquo;environ un millier d&rsquo;hommes.<\/p>\n<p class=\"western\">Le martyre dut avoir eu lieu autour de 286. Sous l&rsquo;\u00e9piscopat de Th\u00e9odore, \u00e9v\u00eaque de Martigny, aux environs de 380, on a trouv\u00e9 un cimeti\u00e8re gallo-romain dont on a pens\u00e9 qu&rsquo;il \u00e9tait le lieu de s\u00e9pulture de ces soldats. L&rsquo;\u00e9v\u00eaque a construit une \u00e9glise en leur honneur pour le transfert des reliques.<\/p>\n<p class=\"western\">Le culte a commenc\u00e9 \u00e0 se r\u00e9pandre et de nombreuses \u00e9glises, cath\u00e9drales et abbayes ont \u00e9t\u00e9 d\u00e9di\u00e9e aux martyrs de Agaune, en particulier au commandant Maurizio. Pour Saint-Defendent il est important de savoir qu&rsquo;au moins \u00e0 partir du XIVe si\u00e8cle (1328), il jouit d&rsquo;un large culte dans le nord de l&rsquo;Italie, dans les villes de Chivasso, Casale Monferrato, Mescia, Novare, Lodi, etc.<\/p>\n<p class=\"western\">Saint defendent a \u00e9t\u00e9 repr\u00e9sent\u00e9 habill\u00e9 en soldat et a \u00e9t\u00e9 invoqu\u00e9e contre le danger de loups et d&rsquo;incendie. Sur le territoire de Marseille, il est est c\u00e9l\u00e9br\u00e9e le 25 Septembre, et r\u00e9cemment lui a \u00e9t\u00e9 consacr\u00e9e \u00e0 une \u00e9glise. Certains chercheurs pensent que, peut-\u00eatre \u00e0 juste titre, que le saint Defendente v\u00e9n\u00e9r\u00e9 en Italie, est une\u00a0 personne autre que le martyr t\u00e9b\u00e9en.<\/p>\n<p class=\"western\">(Source : <a href=\"http:\/\/www.santiebeati.it\/dettaglio\/90201\">http:\/\/www.santiebeati.it\/dettaglio\/90201<\/a><br \/>\nTraduction adapt\u00e9e de ImTranslator 7.8)<\/p>\n<p>&nbsp;<\/p>\n","protected":false},"excerpt":{"rendered":"<p>R\u00e9cits (\u271d 290) Il appartenait \u00e0 la L\u00e9gion th\u00e9b\u00e9enne et avait \u00e9chapp\u00e9 au massacre avec quelques compagnons. Ils furent rattrap\u00e9s et d\u00e9capit\u00e9s sur les bords du Rh\u00f4ne. Leur culte se r\u00e9pandit dans les dioc\u00e8ses de Turin et de Novare, en Sardaigne et en Corse. (origine : site nominis de la Conf\u00e9rence des Ev\u00eaques de France) [&hellip;]<\/p>\n","protected":false},"author":1,"featured_media":0,"parent":0,"menu_order":0,"comment_status":"closed","ping_status":"closed","template":"","meta":{"footnotes":""},"class_list":["post-433","page","type-page","status-publish","hentry"],"_links":{"self":[{"href":"https:\/\/www.sdcv.org\/index.php?rest_route=\/wp\/v2\/pages\/433","targetHints":{"allow":["GET"]}}],"collection":[{"href":"https:\/\/www.sdcv.org\/index.php?rest_route=\/wp\/v2\/pages"}],"about":[{"href":"https:\/\/www.sdcv.org\/index.php?rest_route=\/wp\/v2\/types\/page"}],"author":[{"embeddable":true,"href":"https:\/\/www.sdcv.org\/index.php?rest_route=\/wp\/v2\/users\/1"}],"replies":[{"embeddable":true,"href":"https:\/\/www.sdcv.org\/index.php?rest_route=%2Fwp%2Fv2%2Fcomments&post=433"}],"version-history":[{"count":2,"href":"https:\/\/www.sdcv.org\/index.php?rest_route=\/wp\/v2\/pages\/433\/revisions"}],"predecessor-version":[{"id":435,"href":"https:\/\/www.sdcv.org\/index.php?rest_route=\/wp\/v2\/pages\/433\/revisions\/435"}],"wp:attachment":[{"href":"https:\/\/www.sdcv.org\/index.php?rest_route=%2Fwp%2Fv2%2Fmedia&parent=433"}],"curies":[{"name":"wp","href":"https:\/\/api.w.org\/{rel}","templated":true}]}}