{"id":4,"date":"2015-02-14T17:43:19","date_gmt":"2015-02-14T17:43:19","guid":{"rendered":"http:\/\/www.sdcv.org\/?page_id=4"},"modified":"2026-03-23T10:59:26","modified_gmt":"2026-03-23T09:59:26","slug":"accueil","status":"publish","type":"page","link":"https:\/\/www.sdcv.org\/","title":{"rendered":"Accueil"},"content":{"rendered":"\n<p><\/p>\n\n\n\n<p class=\"has-text-color has-large-font-size\" style=\"color:#09784f\"><strong>Nouveau <\/strong>&#8211; visiter la rubrique Actualit\u00e9s<strong> <\/strong><\/p>\n\n\n\n\n\n<div class=\"wp-block-media-text is-stacked-on-mobile\" style=\"grid-template-columns:40% auto\"><figure class=\"wp-block-media-text__media\"><img loading=\"lazy\" decoding=\"async\" width=\"142\" height=\"128\" src=\"https:\/\/www.sdcv.org\/wp-content\/uploads\/2015\/02\/saint-defendent.jpg\" alt=\"\" class=\"wp-image-73 size-full\"\/><\/figure><div class=\"wp-block-media-text__content\">\n<p>La paroisse Saint D\u00e9fendent est sur les quartiers Menpenti et Timone.<\/p>\n\n\n\n<details class=\"wp-block-details is-layout-flow wp-block-details-is-layout-flow\"><summary>La paroisse Saint D\u00e9fendent est sur les quartiers Menpenti et Timone. <br>Le cur\u00e9 de la paroisse est depuis le 1er septembre 2020 le p\u00e8re Xavier Maurin.<br><br>Depuis 1985, l&rsquo;\u00e9glise St D\u00e9fendent est le lieu d&rsquo;accueil de la <strong>communaut\u00e9 catholique vietnamienne&nbsp; \u00e0 Marseille, <\/strong>desservie depuis le 14 octobre 2020 par trois aum\u00f4niers : les p\u00e8res Pierre Th\u00f4ng, Martin Tran et Maximilien Tran Min Duc.<br><br>Les paroisses St D\u00e9fendent, St Jean-Baptiste, Notre-Dame du Mont, St Michel, St Pierre et la communaut\u00e9 St Luc, composent le <strong>secteur pastoral Menpenti &#8211; la Plaine.<\/strong><\/summary>\n<p><\/p>\n<\/details>\n<\/div><\/div>\n\n\n\n<details class=\"wp-block-details is-layout-flow wp-block-details-is-layout-flow\"><summary>&nbsp;<br><\/summary>\n<p><\/p>\n<\/details>\n\n\n\n<p>Derni\u00e8re mise \u00e0 jour : 23 mars 2026<\/p>\n\n\n\n<p><\/p>\n","protected":false},"excerpt":{"rendered":"<p>Nouveau &#8211; visiter la rubrique Actualit\u00e9s Derni\u00e8re mise \u00e0 jour : 23 mars 2026<\/p>\n","protected":false},"author":1,"featured_media":0,"parent":0,"menu_order":0,"comment_status":"open","ping_status":"open","template":"","meta":{"footnotes":""},"class_list":["post-4","page","type-page","status-publish","hentry"],"_links":{"self":[{"href":"https:\/\/www.sdcv.org\/index.php?rest_route=\/wp\/v2\/pages\/4","targetHints":{"allow":["GET"]}}],"collection":[{"href":"https:\/\/www.sdcv.org\/index.php?rest_route=\/wp\/v2\/pages"}],"about":[{"href":"https:\/\/www.sdcv.org\/index.php?rest_route=\/wp\/v2\/types\/page"}],"author":[{"embeddable":true,"href":"https:\/\/www.sdcv.org\/index.php?rest_route=\/wp\/v2\/users\/1"}],"replies":[{"embeddable":true,"href":"https:\/\/www.sdcv.org\/index.php?rest_route=%2Fwp%2Fv2%2Fcomments&post=4"}],"version-history":[{"count":73,"href":"https:\/\/www.sdcv.org\/index.php?rest_route=\/wp\/v2\/pages\/4\/revisions"}],"predecessor-version":[{"id":2104,"href":"https:\/\/www.sdcv.org\/index.php?rest_route=\/wp\/v2\/pages\/4\/revisions\/2104"}],"wp:attachment":[{"href":"https:\/\/www.sdcv.org\/index.php?rest_route=%2Fwp%2Fv2%2Fmedia&parent=4"}],"curies":[{"name":"wp","href":"https:\/\/api.w.org\/{rel}","templated":true}]}}