{"id":1233,"date":"2024-11-25T13:31:33","date_gmt":"2024-11-25T12:31:33","guid":{"rendered":"https:\/\/www.sdcv.org\/?page_id=1233"},"modified":"2024-11-25T14:20:42","modified_gmt":"2024-11-25T13:20:42","slug":"premiere-pierre","status":"publish","type":"page","link":"https:\/\/www.sdcv.org\/?page_id=1233","title":{"rendered":"Premi\u00e8re pierre"},"content":{"rendered":"\n<h2 class=\"wp-block-heading\">F\u00eater les 150 ANS DE LA PREMI\u00c8RE PIERRE <br>(f\u00e9vrier 1875-f\u00e9vrier 2025)<\/h2>\n\n\n\n<p>Une date \u00e0 retenir pour l\u2019ann\u00e9e prochaine : <strong>le dimanche 9 f\u00e9vrier 2025<\/strong>, nous c\u00e9l\u00e9brerons les 150 ans de la premi\u00e8re pierre de notre \u00e9glise. Nous n\u2019avons pas encore les d\u00e9tails de cet \u00e9v\u00e8nement, mais nous allons dignement le f\u00eater. Nous comptons sur votre pr\u00e9sence et sur d\u2019\u00e9ventuelles suggestions.<\/p>\n\n\n\n<p><\/p>\n","protected":false},"excerpt":{"rendered":"<p>F\u00eater les 150 ANS DE LA PREMI\u00c8RE PIERRE (f\u00e9vrier 1875-f\u00e9vrier 2025) Une date \u00e0 retenir pour l\u2019ann\u00e9e prochaine : le dimanche 9 f\u00e9vrier 2025, nous c\u00e9l\u00e9brerons les 150 ans de la premi\u00e8re pierre de notre \u00e9glise. Nous n\u2019avons pas encore les d\u00e9tails de cet \u00e9v\u00e8nement, mais nous allons dignement le f\u00eater. Nous comptons sur votre [&hellip;]<\/p>\n","protected":false},"author":1,"featured_media":0,"parent":0,"menu_order":0,"comment_status":"closed","ping_status":"closed","template":"","meta":{"footnotes":""},"class_list":["post-1233","page","type-page","status-publish","hentry"],"_links":{"self":[{"href":"https:\/\/www.sdcv.org\/index.php?rest_route=\/wp\/v2\/pages\/1233","targetHints":{"allow":["GET"]}}],"collection":[{"href":"https:\/\/www.sdcv.org\/index.php?rest_route=\/wp\/v2\/pages"}],"about":[{"href":"https:\/\/www.sdcv.org\/index.php?rest_route=\/wp\/v2\/types\/page"}],"author":[{"embeddable":true,"href":"https:\/\/www.sdcv.org\/index.php?rest_route=\/wp\/v2\/users\/1"}],"replies":[{"embeddable":true,"href":"https:\/\/www.sdcv.org\/index.php?rest_route=%2Fwp%2Fv2%2Fcomments&post=1233"}],"version-history":[{"count":3,"href":"https:\/\/www.sdcv.org\/index.php?rest_route=\/wp\/v2\/pages\/1233\/revisions"}],"predecessor-version":[{"id":1245,"href":"https:\/\/www.sdcv.org\/index.php?rest_route=\/wp\/v2\/pages\/1233\/revisions\/1245"}],"wp:attachment":[{"href":"https:\/\/www.sdcv.org\/index.php?rest_route=%2Fwp%2Fv2%2Fmedia&parent=1233"}],"curies":[{"name":"wp","href":"https:\/\/api.w.org\/{rel}","templated":true}]}}

Première pierre

<h2 class="wp-block-heading">Fêter les 150 ANS DE LA PREMIÈRE PIERRE <br>(février 1875-février 2025)</h2>



<p>Une date à retenir pour l’année prochaine : <strong>le dimanche 9 février 2025</strong>, nous célébrerons les 150 ans de la première pierre de notre église. Nous n’avons pas encore les détails de cet évènement, mais nous allons dignement le fêter. Nous comptons sur votre présence et sur d’éventuelles suggestions.</p>



<p></p>

<p>Fêter les 150 ANS DE LA PREMIÈRE PIERRE (février 1875-février 2025) Une date à retenir pour l’année prochaine : le dimanche 9 février 2025, nous célébrerons les 150 ans de la première pierre de notre église. Nous n’avons pas encore les détails de cet évènement, mais nous allons dignement le fêter. Nous comptons sur votre [&hellip;]</p>
