{"id":1008,"date":"2023-10-07T15:51:16","date_gmt":"2023-10-07T13:51:16","guid":{"rendered":"https:\/\/www.sdcv.org\/?page_id=1008"},"modified":"2023-10-07T16:43:30","modified_gmt":"2023-10-07T14:43:30","slug":"reorganisation-de-la-vie-de-la-paroisse-3","status":"publish","type":"page","link":"https:\/\/www.sdcv.org\/?page_id=1008","title":{"rendered":"R\u00e9organisation de la vie de la paroisse"},"content":{"rendered":"\n<p>Cette ann\u00e9e la Paroisse Saint D\u00e9fendent a d\u00e9cid\u00e9 de se r\u00e9inventer.<br>plusieurs \u00e9quipes ont \u00e9t\u00e9 mises en place pour am\u00e9liorer les c\u00e9l\u00e9brations,, pour impliquer plus de personnes et r\u00e9pondre aux besoins des uns et des autres.<\/p>\n","protected":false},"excerpt":{"rendered":"<p>Cette ann\u00e9e la Paroisse Saint D\u00e9fendent a d\u00e9cid\u00e9 de se r\u00e9inventer.plusieurs \u00e9quipes ont \u00e9t\u00e9 mises en place pour am\u00e9liorer les c\u00e9l\u00e9brations,, pour impliquer plus de personnes et r\u00e9pondre aux besoins des uns et des autres.<\/p>\n","protected":false},"author":3,"featured_media":0,"parent":0,"menu_order":0,"comment_status":"closed","ping_status":"closed","template":"","meta":{"footnotes":""},"class_list":["post-1008","page","type-page","status-publish","hentry"],"_links":{"self":[{"href":"https:\/\/www.sdcv.org\/index.php?rest_route=\/wp\/v2\/pages\/1008","targetHints":{"allow":["GET"]}}],"collection":[{"href":"https:\/\/www.sdcv.org\/index.php?rest_route=\/wp\/v2\/pages"}],"about":[{"href":"https:\/\/www.sdcv.org\/index.php?rest_route=\/wp\/v2\/types\/page"}],"author":[{"embeddable":true,"href":"https:\/\/www.sdcv.org\/index.php?rest_route=\/wp\/v2\/users\/3"}],"replies":[{"embeddable":true,"href":"https:\/\/www.sdcv.org\/index.php?rest_route=%2Fwp%2Fv2%2Fcomments&post=1008"}],"version-history":[{"count":1,"href":"https:\/\/www.sdcv.org\/index.php?rest_route=\/wp\/v2\/pages\/1008\/revisions"}],"predecessor-version":[{"id":1009,"href":"https:\/\/www.sdcv.org\/index.php?rest_route=\/wp\/v2\/pages\/1008\/revisions\/1009"}],"wp:attachment":[{"href":"https:\/\/www.sdcv.org\/index.php?rest_route=%2Fwp%2Fv2%2Fmedia&parent=1008"}],"curies":[{"name":"wp","href":"https:\/\/api.w.org\/{rel}","templated":true}]}}